{"id":69,"date":"2020-05-05T09:03:06","date_gmt":"2020-05-05T09:03:06","guid":{"rendered":"http:\/\/design.miun.se\/gd\/examen\/?page_id=69"},"modified":"2025-05-16T07:51:02","modified_gmt":"2025-05-16T07:51:02","slug":"gd-examen","status":"publish","type":"page","link":"https:\/\/design.miun.se\/gd\/examen\/","title":{"rendered":"Examensprojekt grafisk design"},"content":{"rendered":"\n<div class=\"wp-block-columns is-layout-flex wp-container-core-columns-is-layout-9d6595d7 wp-block-columns-is-layout-flex\">\n<div class=\"wp-block-column is-layout-flow wp-block-column-is-layout-flow\" style=\"flex-basis:33.33%\">\n<h2 class=\"wp-block-heading\">2025<\/h2>\n\n\n\n<p><a href=\"https:\/\/design.miun.se\/gd\/examen\/?cat=13\">Klicka vidare<\/a><a href=\"https:\/\/design.miun.se\/gd\/examen\/?cat=12\"> <\/a>till \u00e5rets examensprojekt.<\/p>\n<\/div>\n\n\n\n<div class=\"wp-block-column is-layout-flow wp-block-column-is-layout-flow\" style=\"flex-basis:66.66%\">\n<figure class=\"wp-block-image size-large is-style-default\"><a href=\"https:\/\/design.miun.se\/gd\/examen\/?cat=13\"><img loading=\"lazy\" decoding=\"async\" width=\"717\" height=\"1024\" src=\"https:\/\/design.miun.se\/gd\/examen\/wp-content\/uploads\/2025\/05\/Cirklar-70100-717x1024.jpg\" alt=\"\" class=\"wp-image-6392\" srcset=\"https:\/\/design.miun.se\/gd\/examen\/wp-content\/uploads\/2025\/05\/Cirklar-70100-717x1024.jpg 717w, https:\/\/design.miun.se\/gd\/examen\/wp-content\/uploads\/2025\/05\/Cirklar-70100-210x300.jpg 210w, https:\/\/design.miun.se\/gd\/examen\/wp-content\/uploads\/2025\/05\/Cirklar-70100-140x200.jpg 140w, https:\/\/design.miun.se\/gd\/examen\/wp-content\/uploads\/2025\/05\/Cirklar-70100-768x1097.jpg 768w, https:\/\/design.miun.se\/gd\/examen\/wp-content\/uploads\/2025\/05\/Cirklar-70100-1075x1536.jpg 1075w, https:\/\/design.miun.se\/gd\/examen\/wp-content\/uploads\/2025\/05\/Cirklar-70100-1433x2048.jpg 1433w, https:\/\/design.miun.se\/gd\/examen\/wp-content\/uploads\/2025\/05\/Cirklar-70100-scaled.jpg 1792w\" sizes=\"auto, (max-width: 717px) 100vw, 717px\" \/><\/a><figcaption class=\"wp-element-caption\">2025<\/figcaption><\/figure>\n<\/div>\n<\/div>\n\n\n\n<h3 class=\"wp-block-heading\">Arkiv<\/h3>\n\n\n\n<p>H\u00e4r finns l\u00e4nkar till tidigare exhibitioner fr\u00e5n grafisk design studenter p\u00e5 Mittuniversitetet.<\/p>\n\n\n\n<div class=\"wp-block-columns is-layout-flex wp-container-core-columns-is-layout-9d6595d7 wp-block-columns-is-layout-flex\">\n<div class=\"wp-block-column is-layout-flow wp-block-column-is-layout-flow\"><\/div>\n\n\n\n<div class=\"wp-block-column is-layout-flow wp-block-column-is-layout-flow\"><\/div>\n\n\n\n<div class=\"wp-block-column is-layout-flow wp-block-column-is-layout-flow\"><\/div>\n<\/div>\n\n\n\n<div class=\"wp-block-columns is-layout-flex wp-container-core-columns-is-layout-9d6595d7 wp-block-columns-is-layout-flex\">\n<div class=\"wp-block-column is-layout-flow wp-block-column-is-layout-flow\">\n<figure class=\"wp-block-image size-large is-style-default\"><a href=\"https:\/\/design.miun.se\/gd\/examen\/?cat=12\"><img loading=\"lazy\" decoding=\"async\" width=\"702\" height=\"1024\" src=\"https:\/\/design.miun.se\/gd\/examen\/wp-content\/uploads\/2024\/05\/Design-24-digital-1-702x1024.jpg\" alt=\"\" class=\"wp-image-5506\" srcset=\"https:\/\/design.miun.se\/gd\/examen\/wp-content\/uploads\/2024\/05\/Design-24-digital-1-702x1024.jpg 702w, https:\/\/design.miun.se\/gd\/examen\/wp-content\/uploads\/2024\/05\/Design-24-digital-1-206x300.jpg 206w, https:\/\/design.miun.se\/gd\/examen\/wp-content\/uploads\/2024\/05\/Design-24-digital-1-137x200.jpg 137w, https:\/\/design.miun.se\/gd\/examen\/wp-content\/uploads\/2024\/05\/Design-24-digital-1-768x1121.jpg 768w, https:\/\/design.miun.se\/gd\/examen\/wp-content\/uploads\/2024\/05\/Design-24-digital-1-1053x1536.jpg 1053w, https:\/\/design.miun.se\/gd\/examen\/wp-content\/uploads\/2024\/05\/Design-24-digital-1-1404x2048.jpg 1404w, https:\/\/design.miun.se\/gd\/examen\/wp-content\/uploads\/2024\/05\/Design-24-digital-1.jpg 1494w\" sizes=\"auto, (max-width: 702px) 100vw, 702px\" \/><\/a><figcaption class=\"wp-element-caption\">2024<\/figcaption><\/figure>\n<\/div>\n\n\n\n<div class=\"wp-block-column is-layout-flow wp-block-column-is-layout-flow\">\n<figure class=\"wp-block-image size-large\"><a href=\"https:\/\/design.miun.se\/gd\/examen\/?cat=11\"><img loading=\"lazy\" decoding=\"async\" width=\"731\" height=\"1024\" src=\"https:\/\/design.miun.se\/gd\/examen\/wp-content\/uploads\/2023\/05\/Design23_Poster-731x1024.jpg\" alt=\"\" class=\"wp-image-2965\" srcset=\"https:\/\/design.miun.se\/gd\/examen\/wp-content\/uploads\/2023\/05\/Design23_Poster-731x1024.jpg 731w, https:\/\/design.miun.se\/gd\/examen\/wp-content\/uploads\/2023\/05\/Design23_Poster-214x300.jpg 214w, https:\/\/design.miun.se\/gd\/examen\/wp-content\/uploads\/2023\/05\/Design23_Poster-143x200.jpg 143w, https:\/\/design.miun.se\/gd\/examen\/wp-content\/uploads\/2023\/05\/Design23_Poster-768x1075.jpg 768w, https:\/\/design.miun.se\/gd\/examen\/wp-content\/uploads\/2023\/05\/Design23_Poster-1097x1536.jpg 1097w, https:\/\/design.miun.se\/gd\/examen\/wp-content\/uploads\/2023\/05\/Design23_Poster-1463x2048.jpg 1463w, https:\/\/design.miun.se\/gd\/examen\/wp-content\/uploads\/2023\/05\/Design23_Poster-scaled.jpg 1829w\" sizes=\"auto, (max-width: 731px) 100vw, 731px\" \/><\/a><figcaption class=\"wp-element-caption\">2023<\/figcaption><\/figure>\n<\/div>\n\n\n\n<div class=\"wp-block-column is-layout-flow wp-block-column-is-layout-flow\">\n<figure class=\"wp-block-image size-large is-style-default\"><a href=\"https:\/\/design.miun.se\/gd\/examen\/?cat=6\"><img loading=\"lazy\" decoding=\"async\" width=\"732\" height=\"1024\" src=\"https:\/\/design.miun.se\/gd\/examen\/wp-content\/uploads\/2022\/05\/Rityta-1-100-732x1024.jpg\" alt=\"\" class=\"wp-image-1496\" srcset=\"https:\/\/design.miun.se\/gd\/examen\/wp-content\/uploads\/2022\/05\/Rityta-1-100-732x1024.jpg 732w, https:\/\/design.miun.se\/gd\/examen\/wp-content\/uploads\/2022\/05\/Rityta-1-100-214x300.jpg 214w, https:\/\/design.miun.se\/gd\/examen\/wp-content\/uploads\/2022\/05\/Rityta-1-100-143x200.jpg 143w, https:\/\/design.miun.se\/gd\/examen\/wp-content\/uploads\/2022\/05\/Rityta-1-100-768x1075.jpg 768w, https:\/\/design.miun.se\/gd\/examen\/wp-content\/uploads\/2022\/05\/Rityta-1-100-1097x1536.jpg 1097w, https:\/\/design.miun.se\/gd\/examen\/wp-content\/uploads\/2022\/05\/Rityta-1-100.jpg 1418w\" sizes=\"auto, (max-width: 732px) 100vw, 732px\" \/><\/a><figcaption class=\"wp-element-caption\">2022<\/figcaption><\/figure>\n<\/div>\n<\/div>\n\n\n\n<div class=\"wp-block-columns is-layout-flex wp-container-core-columns-is-layout-9d6595d7 wp-block-columns-is-layout-flex\">\n<div class=\"wp-block-column is-layout-flow wp-block-column-is-layout-flow\">\n<figure class=\"wp-block-image size-large is-style-default\"><a href=\"https:\/\/design.miun.se\/gd\/examen\/?cat=5\"><img loading=\"lazy\" decoding=\"async\" width=\"724\" height=\"1024\" src=\"https:\/\/design.miun.se\/gd\/examen\/wp-content\/uploads\/2022\/05\/Design-21-2-724x1024.jpg\" alt=\"Design 21\" class=\"wp-image-1494\" srcset=\"https:\/\/design.miun.se\/gd\/examen\/wp-content\/uploads\/2022\/05\/Design-21-2-724x1024.jpg 724w, https:\/\/design.miun.se\/gd\/examen\/wp-content\/uploads\/2022\/05\/Design-21-2-212x300.jpg 212w, https:\/\/design.miun.se\/gd\/examen\/wp-content\/uploads\/2022\/05\/Design-21-2-141x200.jpg 141w, https:\/\/design.miun.se\/gd\/examen\/wp-content\/uploads\/2022\/05\/Design-21-2-768x1086.jpg 768w, https:\/\/design.miun.se\/gd\/examen\/wp-content\/uploads\/2022\/05\/Design-21-2-1086x1536.jpg 1086w, https:\/\/design.miun.se\/gd\/examen\/wp-content\/uploads\/2022\/05\/Design-21-2.jpg 1188w\" sizes=\"auto, (max-width: 724px) 100vw, 724px\" \/><\/a><figcaption class=\"wp-element-caption\">2021<\/figcaption><\/figure>\n<\/div>\n\n\n\n<div class=\"wp-block-column is-layout-flow wp-block-column-is-layout-flow\">\n<figure class=\"wp-block-image size-large\"><a href=\"https:\/\/design.miun.se\/gd\/examen\/?cat=4\"><img loading=\"lazy\" decoding=\"async\" width=\"717\" height=\"1024\" src=\"https:\/\/design.miun.se\/gd\/examen\/wp-content\/uploads\/2021\/05\/grafisk-design-2020-717x1024.jpg\" alt=\"\" class=\"wp-image-581\" srcset=\"https:\/\/design.miun.se\/gd\/examen\/wp-content\/uploads\/2021\/05\/grafisk-design-2020-717x1024.jpg 717w, https:\/\/design.miun.se\/gd\/examen\/wp-content\/uploads\/2021\/05\/grafisk-design-2020-210x300.jpg 210w, https:\/\/design.miun.se\/gd\/examen\/wp-content\/uploads\/2021\/05\/grafisk-design-2020-140x200.jpg 140w, https:\/\/design.miun.se\/gd\/examen\/wp-content\/uploads\/2021\/05\/grafisk-design-2020-768x1097.jpg 768w, https:\/\/design.miun.se\/gd\/examen\/wp-content\/uploads\/2021\/05\/grafisk-design-2020-1075x1536.jpg 1075w, https:\/\/design.miun.se\/gd\/examen\/wp-content\/uploads\/2021\/05\/grafisk-design-2020.jpg 1176w\" sizes=\"auto, (max-width: 717px) 100vw, 717px\" \/><\/a><figcaption class=\"wp-element-caption\">2020<\/figcaption><\/figure>\n<\/div>\n\n\n\n<div class=\"wp-block-column is-layout-flow wp-block-column-is-layout-flow\">\n<figure class=\"wp-block-image size-large\"><a href=\"https:\/\/design.miun.se\/gd\/examen_2018\/category\/2019\/\" target=\"_blank\" rel=\"noreferrer noopener\"><img loading=\"lazy\" decoding=\"async\" width=\"731\" height=\"1024\" src=\"https:\/\/design.miun.se\/gd\/examen\/wp-content\/uploads\/2020\/03\/2019-731x1024.jpg\" alt=\"2019\" class=\"wp-image-61\" srcset=\"https:\/\/design.miun.se\/gd\/examen\/wp-content\/uploads\/2020\/03\/2019-731x1024.jpg 731w, https:\/\/design.miun.se\/gd\/examen\/wp-content\/uploads\/2020\/03\/2019-214x300.jpg 214w, https:\/\/design.miun.se\/gd\/examen\/wp-content\/uploads\/2020\/03\/2019-768x1075.jpg 768w, https:\/\/design.miun.se\/gd\/examen\/wp-content\/uploads\/2020\/03\/2019-1097x1536.jpg 1097w, https:\/\/design.miun.se\/gd\/examen\/wp-content\/uploads\/2020\/03\/2019.jpg 1200w\" sizes=\"auto, (max-width: 731px) 100vw, 731px\" \/><\/a><figcaption class=\"wp-element-caption\">2019<\/figcaption><\/figure>\n<\/div>\n<\/div>\n\n\n\n<div class=\"wp-block-columns is-layout-flex wp-container-core-columns-is-layout-9d6595d7 wp-block-columns-is-layout-flex\">\n<div class=\"wp-block-column is-layout-flow wp-block-column-is-layout-flow\">\n<figure class=\"wp-block-image size-large\"><a href=\"https:\/\/design.miun.se\/gd\/examen_2018\/category\/2018\/\" target=\"_blank\" rel=\"noreferrer noopener\"><img loading=\"lazy\" decoding=\"async\" width=\"731\" height=\"1024\" src=\"https:\/\/design.miun.se\/gd\/examen\/wp-content\/uploads\/2020\/03\/2018-731x1024.jpg\" alt=\"2018\" class=\"wp-image-60\" srcset=\"https:\/\/design.miun.se\/gd\/examen\/wp-content\/uploads\/2020\/03\/2018-731x1024.jpg 731w, https:\/\/design.miun.se\/gd\/examen\/wp-content\/uploads\/2020\/03\/2018-214x300.jpg 214w, https:\/\/design.miun.se\/gd\/examen\/wp-content\/uploads\/2020\/03\/2018-768x1075.jpg 768w, https:\/\/design.miun.se\/gd\/examen\/wp-content\/uploads\/2020\/03\/2018-1097x1536.jpg 1097w, https:\/\/design.miun.se\/gd\/examen\/wp-content\/uploads\/2020\/03\/2018.jpg 1200w\" sizes=\"auto, (max-width: 731px) 100vw, 731px\" \/><\/a><figcaption class=\"wp-element-caption\">2018<\/figcaption><\/figure>\n<\/div>\n\n\n\n<div class=\"wp-block-column is-layout-flow wp-block-column-is-layout-flow\">\n<figure class=\"wp-block-image size-large\"><a href=\"https:\/\/design.miun.se\/gd\/examen_2017\/\" target=\"_blank\" rel=\"noreferrer noopener\"><img loading=\"lazy\" decoding=\"async\" width=\"717\" height=\"1024\" src=\"https:\/\/design.miun.se\/gd\/examen\/wp-content\/uploads\/2020\/03\/2017-717x1024.jpg\" alt=\"2017\" class=\"wp-image-59\" srcset=\"https:\/\/design.miun.se\/gd\/examen\/wp-content\/uploads\/2020\/03\/2017-717x1024.jpg 717w, https:\/\/design.miun.se\/gd\/examen\/wp-content\/uploads\/2020\/03\/2017-210x300.jpg 210w, https:\/\/design.miun.se\/gd\/examen\/wp-content\/uploads\/2020\/03\/2017-768x1097.jpg 768w, https:\/\/design.miun.se\/gd\/examen\/wp-content\/uploads\/2020\/03\/2017.jpg 827w\" sizes=\"auto, (max-width: 717px) 100vw, 717px\" \/><\/a><figcaption class=\"wp-element-caption\">2017<\/figcaption><\/figure>\n<\/div>\n\n\n\n<div class=\"wp-block-column is-layout-flow wp-block-column-is-layout-flow\">\n<figure class=\"wp-block-image size-large\"><a href=\"https:\/\/design.miun.se\/gd\/examen_2016\/\" target=\"_blank\" rel=\"noreferrer noopener\"><img loading=\"lazy\" decoding=\"async\" width=\"717\" height=\"1024\" src=\"https:\/\/design.miun.se\/gd\/examen\/wp-content\/uploads\/2020\/03\/2016-717x1024.jpg\" alt=\"2016\" class=\"wp-image-58\" srcset=\"https:\/\/design.miun.se\/gd\/examen\/wp-content\/uploads\/2020\/03\/2016-717x1024.jpg 717w, https:\/\/design.miun.se\/gd\/examen\/wp-content\/uploads\/2020\/03\/2016-210x300.jpg 210w, https:\/\/design.miun.se\/gd\/examen\/wp-content\/uploads\/2020\/03\/2016-768x1097.jpg 768w, https:\/\/design.miun.se\/gd\/examen\/wp-content\/uploads\/2020\/03\/2016.jpg 1000w\" sizes=\"auto, (max-width: 717px) 100vw, 717px\" \/><\/a><figcaption class=\"wp-element-caption\">2016<\/figcaption><\/figure>\n<\/div>\n<\/div>\n\n\n\n<div class=\"wp-block-columns is-layout-flex wp-container-core-columns-is-layout-9d6595d7 wp-block-columns-is-layout-flex\">\n<div class=\"wp-block-column is-layout-flow wp-block-column-is-layout-flow\">\n<figure class=\"wp-block-image size-large\"><a href=\"https:\/\/design.miun.se\/gd\/examen_2015\/\" target=\"_blank\" rel=\"noreferrer noopener\"><img loading=\"lazy\" decoding=\"async\" width=\"660\" height=\"908\" src=\"https:\/\/design.miun.se\/gd\/examen\/wp-content\/uploads\/2020\/05\/poster-660x908-1.jpg\" alt=\"2015\" class=\"wp-image-72\" srcset=\"https:\/\/design.miun.se\/gd\/examen\/wp-content\/uploads\/2020\/05\/poster-660x908-1.jpg 660w, https:\/\/design.miun.se\/gd\/examen\/wp-content\/uploads\/2020\/05\/poster-660x908-1-218x300.jpg 218w, https:\/\/design.miun.se\/gd\/examen\/wp-content\/uploads\/2020\/05\/poster-660x908-1-145x200.jpg 145w\" sizes=\"auto, (max-width: 660px) 100vw, 660px\" \/><\/a><figcaption class=\"wp-element-caption\">2015<\/figcaption><\/figure>\n<\/div>\n\n\n\n<div class=\"wp-block-column is-layout-flow wp-block-column-is-layout-flow\">\n<figure class=\"wp-block-image size-large\"><a href=\"https:\/\/design.miun.se\/gd\/examen_2014\/\" target=\"_blank\" rel=\"noreferrer noopener\"><img loading=\"lazy\" decoding=\"async\" width=\"731\" height=\"1024\" src=\"https:\/\/design.miun.se\/gd\/examen\/wp-content\/uploads\/2020\/03\/2014-731x1024.jpg\" alt=\"2014\" class=\"wp-image-57\" srcset=\"https:\/\/design.miun.se\/gd\/examen\/wp-content\/uploads\/2020\/03\/2014-731x1024.jpg 731w, https:\/\/design.miun.se\/gd\/examen\/wp-content\/uploads\/2020\/03\/2014-214x300.jpg 214w, https:\/\/design.miun.se\/gd\/examen\/wp-content\/uploads\/2020\/03\/2014-768x1075.jpg 768w, https:\/\/design.miun.se\/gd\/examen\/wp-content\/uploads\/2020\/03\/2014-1097x1536.jpg 1097w, https:\/\/design.miun.se\/gd\/examen\/wp-content\/uploads\/2020\/03\/2014.jpg 1200w\" sizes=\"auto, (max-width: 731px) 100vw, 731px\" \/><\/a><figcaption class=\"wp-element-caption\">2014<\/figcaption><\/figure>\n<\/div>\n\n\n\n<div class=\"wp-block-column is-layout-flow wp-block-column-is-layout-flow\">\n<figure class=\"wp-block-image size-large\"><a href=\"https:\/\/design.miun.se\/gd\/examen_2013\/\" target=\"_blank\" rel=\"noreferrer noopener\"><img loading=\"lazy\" decoding=\"async\" width=\"731\" height=\"1024\" src=\"https:\/\/design.miun.se\/gd\/examen\/wp-content\/uploads\/2020\/03\/2013-731x1024.jpg\" alt=\"2013\" class=\"wp-image-56\" srcset=\"https:\/\/design.miun.se\/gd\/examen\/wp-content\/uploads\/2020\/03\/2013-731x1024.jpg 731w, https:\/\/design.miun.se\/gd\/examen\/wp-content\/uploads\/2020\/03\/2013-214x300.jpg 214w, https:\/\/design.miun.se\/gd\/examen\/wp-content\/uploads\/2020\/03\/2013-768x1075.jpg 768w, https:\/\/design.miun.se\/gd\/examen\/wp-content\/uploads\/2020\/03\/2013-1097x1536.jpg 1097w, https:\/\/design.miun.se\/gd\/examen\/wp-content\/uploads\/2020\/03\/2013.jpg 1200w\" sizes=\"auto, (max-width: 731px) 100vw, 731px\" \/><\/a><figcaption class=\"wp-element-caption\">2013<\/figcaption><\/figure>\n<\/div>\n<\/div>\n\n\n\n<p><\/p>\n","protected":false},"excerpt":{"rendered":"<p>2025 Klicka vidare till \u00e5rets examensprojekt. Arkiv H\u00e4r finns l\u00e4nkar till tidigare exhibitioner fr\u00e5n grafisk design studenter p\u00e5 Mittuniversitetet.<\/p>\n","protected":false},"author":2,"featured_media":0,"parent":0,"menu_order":0,"comment_status":"closed","ping_status":"closed","template":"","meta":{"footnotes":"","_links_to":"","_links_to_target":""},"class_list":["post-69","page","type-page","status-publish","hentry"],"_links":{"self":[{"href":"https:\/\/design.miun.se\/gd\/examen\/index.php?rest_route=\/wp\/v2\/pages\/69","targetHints":{"allow":["GET"]}}],"collection":[{"href":"https:\/\/design.miun.se\/gd\/examen\/index.php?rest_route=\/wp\/v2\/pages"}],"about":[{"href":"https:\/\/design.miun.se\/gd\/examen\/index.php?rest_route=\/wp\/v2\/types\/page"}],"author":[{"embeddable":true,"href":"https:\/\/design.miun.se\/gd\/examen\/index.php?rest_route=\/wp\/v2\/users\/2"}],"replies":[{"embeddable":true,"href":"https:\/\/design.miun.se\/gd\/examen\/index.php?rest_route=%2Fwp%2Fv2%2Fcomments&post=69"}],"version-history":[{"count":54,"href":"https:\/\/design.miun.se\/gd\/examen\/index.php?rest_route=\/wp\/v2\/pages\/69\/revisions"}],"predecessor-version":[{"id":6395,"href":"https:\/\/design.miun.se\/gd\/examen\/index.php?rest_route=\/wp\/v2\/pages\/69\/revisions\/6395"}],"wp:attachment":[{"href":"https:\/\/design.miun.se\/gd\/examen\/index.php?rest_route=%2Fwp%2Fv2%2Fmedia&parent=69"}],"curies":[{"name":"wp","href":"https:\/\/api.w.org\/{rel}","templated":true}]}}